and 34.
17
What is the greatest common factor of 1679254 and 218?
218
Calculate the greatest common divisor of 51456 and 2544.
48
What is the greatest common divisor of 77 and 19613?
11
Calculate the greatest common factor of 48 and 24129552.
48
Calculate the highest common factor of 514 and 83525.
257
What is the greatest common divisor of 543087 and 9?
9
Calculate the highest common divisor of 1080040 and 310.
310
What is the highest common factor of 1071 and 1681827?
357
What is the highest common divisor of 36848 and 10192?
784
What is the highest common divisor of 18 and 52806?
6
Calculate the highest common divisor of 781 and 1988.
71
What is the greatest common factor of 206736 and 25623?
219
Calculate the greatest common divisor of 519 and 308805.
519
Calculate the greatest common factor of 112880 and 1530.
170
Calculate the greatest common factor of 2511 and 103881.
93
What is the highest common divisor of 55 and 1650?
55
What is the highest common factor of 3712 and 896?
128
What is the greatest common factor of 583 and 14817?
11
What is the greatest common divisor of 7124 and 175908?
548
What is the greatest common divisor of 209 and 4009?
19
Calculate the highest common factor of 150 and 7992.
6
What is the highest common factor of 669 and 8?
1
Calculate the greatest common divisor of 3112 and 31509.
389
What is the greatest common factor of 134638 and 590?
118
What is the greatest common factor of 118566 and 36?
18
Calculate the greatest common factor of 50 and 555.
5
What is the greatest common factor of 9958 and 4342?
26
What is the greatest common factor of 156403 and 583?
53
Calculate the greatest common factor of 161811 and 81.
27
Calculate the highest common divisor of 17158 and 230.
46
Calculate the greatest common divisor of 216920 and 616.
88
Calculate the highest common divisor of 32 and 21200.
16
What is the highest common factor of 640 and 5160?
40
Calculate the highest common factor of 21 and 102144.
21
What is the highest common divisor of 4114 and 98494?
242
What is the highest common divisor of 43010 and 4048?
506
Calculate the greatest common divisor of 1270 and 3048.
254
Calculate the highest common factor of 99 and 6633.
99
Calculate the highest common divisor of 493860 and 6.
6
Calculate the greatest common factor of 30504 and 32.
8
What is the greatest common divisor of 39990 and 5676?
258
What is the highest common divisor of 7922 and 490232?
466
What is the greatest common factor of 35 and 868355?
5
Calculate the highest common divisor of 15 and 10170.
15
Calculate the highest common divisor of 338 and 210743.
169
What is the greatest common factor of 42462 and 567?
63
Calculate the greatest common divisor of 8 and 8914168.
8
Calculate the greatest common divisor of 20 and 30670.
10
What is the highest common divisor of 144234 and 459?
27
Calculate the highest common divisor of 8410 and 812.
58
Calculate the highest common divisor of 140 and 1325560.
20
What is the highest common divisor of 900 and 39096?
36
Calculate the greatest common divisor of 2012 and 112169.
503
What is the highest common divisor of 240 and 4334960?
80
What is the greatest common divisor of 4187155 and 70?
35
Calculate the greatest common divisor of 30 and 78891.
3
Calculate the greatest common factor of 164343 and 609.
87
What is the greatest common factor of 4 and 4513?
1
Calculate the highest common factor of 203840 and 420.
140
Calculate the greatest common divisor of 3927 and 147.
21
Calculate the highest common factor of 13598 and 702.
26
What is the highest common factor of 2563 and 13?
1
What is the greatest common divisor of 80 and 720?
80
What is the greatest common factor of 276 and 4755204?
276
What is the greatest common divisor of 307 and 327569?
307
What is the highest common divisor of 1640 and 46043?
41
What is the greatest common divisor of 675 and 81?
27
Calculate the greatest common divisor of 2187 and 7101.
27
What is the greatest common divisor of 761218 and 413?
59
What is the highest common factor of 140280 and 19205?
835
What is the greatest common divisor of 348 and 74356?
116
What is the greatest common divisor of 963 and 3959?
107
What is the greatest common factor of 551 and 4089?
29
What is the greatest common factor of 90809 and 31975?
1279
What is the highest common divisor of 4648 and 140?
28
Calculate the highest common factor of 5115 and 111507.
1023
What is the highest common factor of 7082636 and 88?
44
What is the highest common factor of 413993 and 1169?
167
What is the greatest common factor of 5657800 and 200?
200
What is the highest common factor of 390 and 617370?
390
What is the highest common divisor of 81 and 8973?
9
Calculate the highest common divisor of 692700 and 180.
60
Calculate the highest common divisor of 346 and 125771.
173
What is the highest common divisor of 162339 and 212?
53
Calculate the highest common divisor of 19 and 623295.
19
What is the greatest common divisor of 252 and 6692364?
252
What is the highest common factor of 21071 and 247?
19
Calculate the highest common divisor of 8828 and 172.
4
What is the highest common divisor of 772770 and 8?
2
What is the highest common factor of 8 and 138942?
2
What is the highest common factor of 35964 and 1728?
108
What is the greatest common divisor of 764 and 9613412?
764
What is the highest common factor of 1584 and 1591524?
396
Calculate the greatest common factor of 78 and 767832.
78
What is the greatest common factor of 145 and 5597?
29
What is the greatest common factor of 140 and 760?
20
What is the highest common factor of 7518 and 56?
14
Calculate the greatest common divisor of 8415 and 3794230.
935
What is the highest common factor of 1871399 and 87?
29
What is the highest common divisor of 112969 and 346?
173
What is the greatest common factor of 13473 and 20898?
27
Calculate the highest common divisor of 15417 and 81.
27
Calculate the highest common divisor of 622050 and 87.
87
Calculate the highest common factor of 180 and 706068.
36
Calculate the greatest common divisor of 180738 and 594.
54
Calculate the greatest common factor of 370 and 32486.
74
Calculate the highest common factor of 4420 and 2587.
13
Calculate the greatest common factor of 80 and 3647120.
80
Calculate the greatest common factor of 20215 and 60.
5
Calculate the greatest common factor of 162010 and 70.
10
Calculate the greatest common divisor of 404838 and 14.
14
What is the highest common factor of 38090 and 1950?
130
Calculate the greatest common factor of 5694 and 34398.
78
What is the highest common divisor of 128934 and 152?
38
Calculate the greatest common factor of 1488370 and 130.
130
Calculate the greatest common divisor of 72 and 30648.
24
Calculate the highest common divisor of 19 and 6045857.
19
Calculate the greatest common factor of 43659 and 13608.
567
What is the highest common divisor of 23 and 1150368?
23
Calculate the highest common factor of 1190 and 6965.
35
What is the highest common divisor of 108 and 1872855?
27
Calculate the highest common factor of 20 and 5928740.
20
Calculate the greatest common factor of 1698 and 78402.
6
Calculate the greatest common factor of 8 and 131268.
4
Calculate the greatest common factor of 44836 and 176.
44
What is the highest common divisor of 375 and 9600?
75
What is the highest common divisor of 2103 and 4?
1
What is the greatest common divisor of 602 and 1393?
7
Calculate the highest common divisor of 3560 and 67480.
40
Calculate the greatest common factor of 13912 and 376.
376
Calculate the greatest common divisor of 25165 and 21.
7
Calculate the highest common divisor of 1617 and 6321.
147
What is the greatest common factor of 42 and 75873?
21
What is the greatest common divisor of 25350 and 1800?
150
What is the highest common divisor of 38731 and 385?
77
Calculate the greatest common divisor of 810189 and 27972.
999
What is the highest common divisor of 928349 and 23?
23
Calculate the greatest common factor of 5 and 449.
1
Calculate the greatest common factor of 168 and 1525216.
56
What is the greatest common factor of 10200 and 7200?
600
Calculate the highest common factor of 5343 and 43977.
411
Calculate the highest common divisor of 6678056 and 616.
616
Calculate the highest c